{"id":599,"date":"2021-02-18T09:01:35","date_gmt":"2021-02-18T09:01:35","guid":{"rendered":"http:\/\/bach-electronic-solutions.de\/?page_id=599"},"modified":"2021-02-18T09:01:35","modified_gmt":"2021-02-18T09:01:35","slug":"referenzen","status":"publish","type":"page","link":"https:\/\/bach-electronic-solutions.de\/?page_id=599","title":{"rendered":"Referenzen"},"content":{"rendered":"<h3>Ein Auszug unserer Erfahrungen:<\/h3>\n<p>Nach nun mehr als 10 Jahren in den Bereichen der EDV und Sicherheitstechnik konnten wir bereits zahlreiche Kunden bei der Umsetzung und Integration neuer Prozesse sowie bei der Installation der daf\u00fcr notwendigen Hardware unterst\u00fctzen.<\/p>\n<p><a href=\"http:\/\/bach-electronic-solutions.de\/wp-content\/uploads\/2021\/02\/596fcffe3eaa98628371e678a16a8328.png\"><img loading=\"lazy\" class=\"alignnone size-full wp-image-600\" src=\"http:\/\/bach-electronic-solutions.de\/wp-content\/uploads\/2021\/02\/596fcffe3eaa98628371e678a16a8328.png\" alt=\"\" width=\"524\" height=\"465\" srcset=\"https:\/\/bach-electronic-solutions.de\/wp-content\/uploads\/2021\/02\/596fcffe3eaa98628371e678a16a8328.png 524w, https:\/\/bach-electronic-solutions.de\/wp-content\/uploads\/2021\/02\/596fcffe3eaa98628371e678a16a8328-300x266.png 300w\" sizes=\"(max-width: 524px) 100vw, 524px\" \/><\/a><\/p>\n<p>Dank unserer vielf\u00e4ltigen Kooperationen mit Unternehmen aus zahlreichen Branchen haben wir alle Anforderungen im Blick und f\u00f6rdern die individuelle Erstellung neuer L\u00f6sungen rund um EDV und Sicherheitstechnik.<\/p>\n<p><a href=\"http:\/\/bach-electronic-solutions.de\/wp-content\/uploads\/2021\/02\/d26cdbd596e024dde8dd46ecfb5bfb26.png\"><img loading=\"lazy\" class=\"alignnone size-medium wp-image-601\" src=\"http:\/\/bach-electronic-solutions.de\/wp-content\/uploads\/2021\/02\/d26cdbd596e024dde8dd46ecfb5bfb26-300x183.png\" alt=\"\" width=\"300\" height=\"183\" srcset=\"https:\/\/bach-electronic-solutions.de\/wp-content\/uploads\/2021\/02\/d26cdbd596e024dde8dd46ecfb5bfb26-300x183.png 300w, https:\/\/bach-electronic-solutions.de\/wp-content\/uploads\/2021\/02\/d26cdbd596e024dde8dd46ecfb5bfb26.png 540w\" sizes=\"(max-width: 300px) 100vw, 300px\" \/><\/a><\/p>\n<p>&nbsp;<\/p>\n","protected":false},"excerpt":{"rendered":"<p>Ein Auszug unserer Erfahrungen: Nach nun mehr als 10 Jahren in den Bereichen der EDV und Sicherheitstechnik konnten wir bereits zahlreiche Kunden bei der Umsetzung und Integration neuer Prozesse sowie bei der Installation der daf\u00fcr notwendigen Hardware unterst\u00fctzen. Dank unserer vielf\u00e4ltigen Kooperationen mit Unternehmen aus zahlreichen Branchen haben wir alle Anforderungen im Blick und f\u00f6rdern&hellip; <br \/> <a class=\"button small blue\" href=\"https:\/\/bach-electronic-solutions.de\/?page_id=599\">Weiterlesen<\/a><\/p>\n","protected":false},"author":1,"featured_media":0,"parent":0,"menu_order":0,"comment_status":"closed","ping_status":"closed","template":"","meta":[],"_links":{"self":[{"href":"https:\/\/bach-electronic-solutions.de\/index.php?rest_route=\/wp\/v2\/pages\/599"}],"collection":[{"href":"https:\/\/bach-electronic-solutions.de\/index.php?rest_route=\/wp\/v2\/pages"}],"about":[{"href":"https:\/\/bach-electronic-solutions.de\/index.php?rest_route=\/wp\/v2\/types\/page"}],"author":[{"embeddable":true,"href":"https:\/\/bach-electronic-solutions.de\/index.php?rest_route=\/wp\/v2\/users\/1"}],"replies":[{"embeddable":true,"href":"https:\/\/bach-electronic-solutions.de\/index.php?rest_route=%2Fwp%2Fv2%2Fcomments&post=599"}],"version-history":[{"count":1,"href":"https:\/\/bach-electronic-solutions.de\/index.php?rest_route=\/wp\/v2\/pages\/599\/revisions"}],"predecessor-version":[{"id":603,"href":"https:\/\/bach-electronic-solutions.de\/index.php?rest_route=\/wp\/v2\/pages\/599\/revisions\/603"}],"wp:attachment":[{"href":"https:\/\/bach-electronic-solutions.de\/index.php?rest_route=%2Fwp%2Fv2%2Fmedia&parent=599"}],"curies":[{"name":"wp","href":"https:\/\/api.w.org\/{rel}","templated":true}]}}